ds digit of 585?
5
What is the tens digit of 5895?
9
What is the units digit of 328?
8
What is the hundreds digit of 1586?
5
What is the hundreds digit of 4936?
9
What is the hundreds digit of 5254?
2
What is the tens digit of 9395?
9
What is the hundreds digit of 657?
6
What is the hundreds digit of 1092?
0
What is the tens digit of 2869?
6
What is the hundreds digit of 3998?
9
What is the units digit of 1555?
5
What is the units digit of 29718?
8
What is the thousands digit of 2341?
2
What is the units digit of 10014?
4
What is the hundreds digit of 100?
1
What is the units digit of 1384?
4
What is the thousands digit of 2866?
2
What is the units digit of 1440?
0
What is the hundreds digit of 817?
8
What is the ten thousands digit of 60268?
6
What is the thousands digit of 3442?
3
What is the tens digit of 774?
7
What is the ten thousands digit of 16940?
1
What is the tens digit of 32?
3
What is the units digit of 5813?
3
What is the units digit of 1296?
6
What is the thousands digit of 13781?
3
What is the units digit of 1783?
3
What is the tens digit of 1623?
2
What is the units digit of 2222?
2
What is the tens digit of 1717?
1
What is the tens digit of 27247?
4
What is the units digit of 8087?
7
What is the hundreds digit of 10629?
6
What is the units digit of 1842?
2
What is the units digit of 1381?
1
What is the thousands digit of 9165?
9
What is the tens digit of 61293?
9
What is the units digit of 1695?
5
What is the units digit of 734?
4
What is the hundreds digit of 1374?
3
What is the units digit of 2082?
2
What is the tens digit of 1998?
9
What is the tens digit of 56886?
8
What is the units digit of 64695?
5
What is the tens digit of 59110?
1
What is the tens digit of 324?
2
What is the thousands digit of 2864?
2
What is the tens digit of 17462?
6
What is the units digit of 1197?
7
What is the tens digit of 541?
4
What is the thousands digit of 12887?
2
What is the tens digit of 10891?
9
What is the ten thousands digit of 14634?
1
What is the ten thousands digit of 60156?
6
What is the ten thousands digit of 10079?
1
What is the tens digit of 16?
1
What is the hundreds digit of 4057?
0
What is the hundreds digit of 2721?
7
What is the ten thousands digit of 19357?
1
What is the hundreds digit of 618?
6
What is the hundreds digit of 59387?
3
What is the hundreds digit of 537?
5
What is the hundreds digit of 2216?
2
What is the ten thousands digit of 56854?
5
What is the hundreds digit of 300?
3
What is the thousands digit of 72861?
2
What is the units digit of 1324?
4
What is the tens digit of 3933?
3
What is the thousands digit of 1630?
1
What is the units digit of 1482?
2
What is the hundreds digit of 53712?
7
What is the hundreds digit of 13621?
6
What is the tens digit of 120125?
2
What is the units digit of 619?
9
What is the units digit of 838?
8
What is the thousands digit of 1202?
1
What is the thousands digit of 20246?
0
What is the units digit of 6576?
6
What is the hundreds digit of 4669?
6
What is the units digit of 139074?
4
What is the tens digit of 41022?
2
What is the thousands digit of 12954?
2
What is the tens digit of 1026?
2
What is the units digit of 193?
3
What is the hundreds digit of 11426?
4
What is the units digit of 9939?
9
What is the tens digit of 2336?
3
What is the ten thousands digit of 32126?
3
What is the ten thousands digit of 47333?
4
What is the hundreds digit of 380?
3
What is the units digit of 1180?
0
What is the thousands digit of 4430?
4
What is the tens digit of 2608?
0
What is the units digit of 1036?
6
What is the thousands digit of 188246?
8
What is the units digit of 68012?
2
What is the units digit of 2436?
6
What is the thousands digit of 132051?
2
What is the tens digit of 1083?
8
What is the units digit of 3701?
1
What is the hundreds digit of 21007?
0
What is the thousands digit of 1215?
1
What is the tens digit of 2785?
8
What is the hundreds digit of 2165?
1
What is the tens digit of 933?
3
What is the tens digit of 287?
8
What is the hundreds digit of 8645?
6
What is the thousands digit of 46672?
6
What is the thousands digit of 15394?
5
What is the units digit of 89591?
1
What is the units digit of 556?
6
What is the ten thousands digit of 112628?
1
What is the ten thousands digit of 12806?
1
What is the thousands digit of 1550?
1
What is the hundreds digit of 216?
2
What is the tens digit of 1263?
6
What is the thousands digit of 8735?
8
What is the tens digit of 78941?
4
What is the hundreds digit of 4482?
4
What is the tens digit of 14295?
9
What is the units digit of 508?
8
What is the units digit of 1598?
8
What is the thousands digit of 1854?
1
What is the tens digit of 29326?
2
What is the units digit of 43979?
9
What is the tens digit of 482?
8
What is the tens digit of 1084?
8
What is the hundreds digit of 30424?
4
What is the hundred thousands digit of 121282?
1
What is the units digit of 7396?
6
What is the tens digit of 902?
0
What is the units digit of 5165?
5
What is the units digit of 20268?
8
What is the thousands digit of 1986?
1
What is the thousands digit of 2121?
2
What is the thousands digit of 36056?
6
What is the units digit of 22432?
2
What is the ten thousands digit of 102103?
0
What is the tens digit of 96499?
9
What is the units digit of 12051?
1
What is the hundreds digit of 3751?
7
What is the units digit of 743?
3
What is the hundreds digit of 1001?
0
What is the units digit of 8804?
4
What is the thousands digit of 29823?
9
What is the tens digit of 26621?
2
What is the tens digit of 73860?
6
What is the tens digit of 1445?
4
What is the thousands digit of 4144?
4
What is the hundreds digit of 744?
7
What is the thousands digit of 10036?
0
What is the hundreds digit of 223?
2
What is the tens digit of 667?
6
What is the hundreds digit of 1148?
1
What is the thousands digit of 1760?
1
What is the units digit of 18399?
9
What is the tens digit of 15324?
2
What is the hundreds digit of 196769?
7
What is the units digit of 1944?
4
What is the ten thousands digit of 20364?
2
What is the hundreds digit of 3572?
5
What is the thousands digit of 1680?
1
What is the hundreds digit of 505?
5
What is the units digit of 1925?
5
What is the units digit of 75015?
5
What is the tens digit of 10121?
2
What is the tens digit of 53201?
0
What is the units digit of 12492?
2
What is the tens digit of 827?
2
What is the tens digit of 1154?
5
What is the thousands digit of 66819?
6
What is the units digit of 54803?
3
What is the units digit of 513?
3
What is the tens digit of 1606?
0
What is the units digit of 1255?
5
What is the units digit of 10?
0
What is the hundred thousands digit of 120504?
1
What is the hundreds digit of 77057?
0
What is the units digit of 3952?
2
What is the units digit of 767?
7
What is the tens digit of 26980?
8
What is the hundreds digit of 61428?
4
What is the tens digit of 33810?
1
What is the hundreds digit of 5898?
8
What is the ten thousands digit of 53660?
5
What is the units digit of 791?
1
What is the hundreds digit of 78301?
3
What is the ten thousands digit of 72745?
7
What is the units digit of 943?
3
What is the units digit of 1787?
7
What is the hundreds digit of 376?
3
What is the units digit of 969?
9
What is the units digit of 10329?
9
What is the thousands digit of 3445?
3
What is the thousands digit of 2233?
2
What is the tens digit of 1422?
2
What is the tens digit of 688?
8
What is the units digit of 11?
1
What is the tens digit of 717?
1
What is the units digit of 5762?
2
What is the tens digit of 3784?
8
What is the thousands digit of 16082?
6
What is the tens digit of 3578?
7
What is the tens digit of 2833?
3
What is the thousands digit of 2573?
2
What is the tens digit of 39900?
0
What is the hundreds digit of 5387?
3
What is the thousands digit of 2178?
2
What is the tens digit of 67187?
8
What is the hundreds digit of 25082?
0
What is the hundreds digit of 1283?
2
What is the units digit of 14566?
6
What is the hundreds digit of 4258?
2
What is the ten thousands digit of 145491?
4
What is the hundreds digit of 828?
8
What is the thousands digit of 13361?
3
What is the units digit of 2918?
8
What is the tens digit of 2312?
1
What is the units digit of 2508?
8
What is the units digit of 1395?
5
What is the ten